 18. Determine x(-10).
-372
Let u(n) = n**3 - 21*n**2 - 222*n + 23. Determine u(-8).
-57
Let b(c) = -c**2 + 64*c - 136. Calculate b(62).
-12
Let w(z) = -4*z**2 + 347*z + 4396. Determine w(98).
-14
Let s(j) = 741*j - 42245. Determine s(57).
-8
Let l(u) = -2*u**2 - 298*u + 4233. What is l(-162)?
21
Let c(s) = 1954*s + 70338. Give c(-36).
-6
Let n(m) = 55*m + 6362. Calculate n(-116).
-18
Let x(p) = 25*p + 959. What is x(-38)?
9
Let f(j) = -j**2 - 106*j - 496. Calculate f(-5).
9
Let l(q) = -q**3 - 26*q**2 - 12*q + 79. What is l(-25)?
-246
Let w(c) = -221*c - 10809. Give w(-49).
20
Let a(b) = -2*b**2 + 48*b - 208. What is a(5)?
-18
Let q(v) = 113*v + 1525. Calculate q(-14).
-57
Let a(g) = 225*g + 5357. What is a(-24)?
-43
Let c(z) = z**3 + 19*z**2 - 45*z - 881. Give c(-15).
694
Let b(o) = -o**2 - 558*o + 2221. Determine b(4).
-27
Let d(i) = -i**3 + 33*i**2 - 142*i + 10. Give d(28).
-46
Let f(c) = -49*c**2 - 586*c + 22. Determine f(-12).
-2
Let v(j) = -373*j**2 - 6712*j + 38. What is v(-18)?
2
Let y(r) = -86*r + 1808. Determine y(21).
2
Let w(y) = -y**2 + 76*y + 598. Give w(-7).
17
Let g(y) = -4*y**2 + 56*y - 45. Determine g(13).
7
Let i(z) = -z**2 - 61*z - 493. Determine i(-11).
57
Let y(q) = -28*q**2 - 5*q + 25. Calculate y(-3).
-212
Let r(h) = h**3 + 11*h**2 - 4*h - 20. Calculate r(-3).
64
Let l(g) = 80*g**3 - g**2 - 27*g - 43. Determine l(-2).
-633
Let l(d) = d**2 - 64*d - 439. Determine l(-6).
-19
Let b(i) = i**3 + 27*i**2 - 233*i - 20. Calculate b(-34).
-190
Let v(g) = -g**2 + 42*g - 51. Calculate v(38).
101
Let n(m) = 120*m + 847. Calculate n(-7).
7
Let p(u) = u**3 - 8*u**2 - 83*u + 445. Calculate p(12).
25
Let i(v) = -49*v - 3129. Give i(-65).
56
Let q(j) = 19*j**2 + 194*j + 47. Give q(-10).
7
Let y(j) = -2*j**3 + 56*j**2 + 61*j + 16. What is y(29)?
103
Let f(l) = -l**3 - 11*l**2 + 134*l + 66. Determine f(8).
-78
Let r(g) = g**3 - 26*g**2 + 59*g + 210. Calculate r(23).
-20
Let f(g) = 152*g**3 - 4*g**2 + 4*g - 4. Calculate f(1).
148
Let t(w) = 15*w - 105. What is t(-4)?
-165
Let u(b) = -b**3 - 11*b**2 + 6*b - 27. Determine u(-12).
45
Let z(p) = -p**3 - 8*p**2 - 15*p - 10. Determine z(-3).
-10
Let l(q) = -286*q + 16567. What is l(58)?
-21
Let r(b) = -5*b**2 + 227*b - 2573. What is r(24)?
-5
Let y(g) = -5717*g - 17140. Give y(-3).
11
Let k(l) = -361*l - 920. Give k(-2).
-198
Let a(k) = 2*k**3 + 84*k**2 - 4*k - 182. Determine a(-42).
-14
Let x(o) = 5*o**2 + 43*o - 506. Give x(9).
286
Let w(q) = q**2 + 511*q - 6197. Calculate w(12).
79
Let z(h) = 19*h - 100. What is z(-8)?
-252
Let q(z) = z**3 + 50*z**2 + 139*z + 20. Determine q(-47).
114
Let i(m) = m**2 - 174*m - 1595. What is i(-8)?
-139
Let j(l) = 777*l + 5440. Give j(-7).
1
Let b(a) = 8*a - 407. Calculate b(53).
17
Let t(o) = -2*o**3 + 59*o**2 - 56*o + 780. Determine t(29).
-3
Let r(w) = 76*w - 616. What is r(7)?
-84
Let w(j) = 3*j**2 + 18*j + 1. Determine w(-7).
22
Let l(q) = 9*q**2 - 79*q - 755. What is l(-9)?
685
Let r(z) = 3399*z + 13590. Determine r(-4).
-6
Let k(a) = 19*a - 678. Give k(37).
25
Let u(v) = v**3 + 31*v**2 + 187*v + 277. What is u(-5)?
-8
Let y(c) = c**3 + 36*c**2 - 74*c + 74. Calculate y(-38).
-2
Let k(i) = -3*i + 59. Determine k(9).
32
Let s(l) = -4*l - 131. Determine s(-34).
5
Let w(s) = s**3 + 27*s**2 - 12*s - 114. What is w(-27)?
210
Let k(d) = 2*d**3 + 4*d**2 + 2*d - 21. Give k(3).
75
Let s(n) = n**3 + 39*n**2 - 81*n + 52. Give s(-41).
11
Let v(w) = w**2 + 3374*w + 23580. What is v(-7)?
11
Let d(x) = 2*x**2 - 1363*x - 13826. Determine d(-10).
4
Let l(j) = j**2 + 59*j + 571. What is l(-12)?
7
Let b(g) = -32*g**2 + 6*g + 4. Determine b(0).
4
Let r(k) = 41*k**2 - 114*k - 355. What is r(-3)?
356
Let x(l) = l**3 - 39*l**2 - 344*l - 173. Give x(-7).
-19
Let k(x) = -22*x**2 + 1691*x + 265. Calculate k(77).
34
Let m(w) = -160*w + 17915. Calculate m(112).
-5
Let v(t) = -15*t**3 - 195*t**2 - 6*t + 9. Give v(-13).
87
Let y(w) = -62*w - 493. What is y(-8)?
3
Let h(l) = -3*l**2 + 241*l - 100. What is h(80)?
-20
Let d(y) = -157*y - 1708. Calculate d(-11).
19
Let c(l) = 4*l**2 - 48*l - 78. Determine c(13).
-26
Let h(p) = 15*p + 616. What is h(-40)?
16
Let r(w) = -w**3 + 27*w**2 - 34*w + 160. Calculate r(26).
-48
Let z(p) = -18*p + 158. What is z(7)?
32
Let s(c) = -62*c**2 + 452*c + 9. Calculate s(6).
489
Let m(h) = 3*h**2 + 54*h + 3. Give m(-20).
123
Let y(g) = 285*g - 854. Give y(3).
1
Let p(m) = -1890*m - 11337. Calculate p(-6).
3
Let y(i) = i**2 - 885*i - 8064. Calculate y(-9).
-18
Let x(p) = 2*p**2 - 31*p + 20. Give x(14).
-22
Let b(u) = u**3 - 31*u**2 + 37*u - 241. Give b(30).
-31
Let j(v) = 96*v + 2363. What is j(-22)?
251
Let t(v) = v**3 - 4*v**2 - 11*v + 13. Give t(4).
-31
Let f(r) = 97*r - 1302. Determine f(13).
-41
Let z(b) = 4*b**2 + 98*b - 395. Calculate z(-28).
-3
Let g(n) = 30*n**3 + 2*n**2 + 4*n + 3. What is g(-1)?
-29
Let p(a) = 3842*a + 19245. Give p(-5).
35
Let m(l) = -3*l**2 + 128*l + 330. Determine m(45).
15
Let q(j) = -j**3 + 37*j**2 + 548*j + 1962. Give q(49).
2
Let v(k) = -26*k**3 - 26*k**2 + 1. Calculate v(-1).
1
Let k(p) = -p**2 - 6*p + 11. What is k(5)?
-44
Let r(l) = -2*l - 11. Give r(-5).
-1
Let j(t) = -3*t**2 - 33*t - 71. Determine j(-8).
1
Let g(v) = v**2 + 8*v - 44. Determine g(-19).
165
Let c(w) = 124*w + 2725. What is c(-22)?
-3
Let d(v) = -2*v**2 - 35*v - 127. Determine d(-5).
-2
Let k(s) = -1737*s - 12168. Determine k(-7).
-9
Let g(m) = -m**2 + 300*m - 1457. Determine g(5).
18
Let m(f) = -f**3 - 18*f**2 + 15*f - 10. Calculate m(-19).
66
Let s(n) = 3*n**2 + 75*n - 567. Give s(6).
-9
Let y(t) = t**3 + 12*t**2 + 193*t + 1730. What is y(-10)?
0
Let l(b) = 3*b**2 - 30*b + 115. Determine l(4).
43
Let h(n) = 72*n**2 + 10*n - 22. Determine h(2).
286
Let y(h) = -3*h**2 - 706*h + 10998. Give y(-250).
-2
Let c(d) = 21*d**2 + 160*d + 19. What is c(-8)?
83
Let i(d) = d**3 - 187*d**2 + 4710*d - 11. Calculate i(157).
-11
Let l(g) = -47*g + 667. Calculate l(20).
-273
Let a(c) = 22*c - 145. What is a(10)?
75
Let c(m) = -116*m - 924. Calculate c(-8).
4
Let q(i) = 2*i**2 - 13*i - 274. Determine q(-9).
5
Let j(m) = -237*m + 183. What is j(2)?
-291
Let k(b) = -b**2 - 13*b - 24. Determine k(-15).
-54
Let h(d) = -2*d**2 - 70*d - 295. What is h(-30)?
5
Let d(q) = 10*q - 23. What is d(3)?
7
Let m(r) = -r + 78. Determine m(14).
64
Let l(z) = -29*z + 182. Determine l(6).
8
Let r(c) = c**3 - 15*c**2 + 3*c - 31. Give r(15).
14
Let m(c) = 11*c**2 + 114*c + 239. What is m(-2)?
55
Let w(x) = -x**2 - 72*x + 5756. Give w(-120).
-4
Let y(x) = -x**3 - 5*x**2 - 4*x - 15. Give y(-4).
-15
Let h(g) = -g**3 - 47*g**2 - 78*g - 96. Calculate h(-45).
-636
Let g(y) = y**2 + 211*y - 6980. What is g(29)?
-20
Let k(l) = -10*l**2 + 18*l + 119. Give k(10).
-701
Let a(q) = -12*q**2 - 169*q - 8. What is a(-14)?
6
Let s(x) = x**3 + 20*x**2 + 60*x + 50. What is s(-2)?
2
Let a(b) = 13*b**3 + 3*b**2 - 10*b - 5. What is a(3)?
343
Let d(c) = -c**3 - 3*c**2 + 5*c + 205. Calculate d(0).
205
Let g(q) = 13*q**2 - 10. What is g(3)?
107
Let a(d) = -2*d**2 - 246*d - 252. Give a(-122).
-8
Let b(i) = -i**2 - 95*i + 1663. What is b(-110)?
13
Let q(o) = -o**3 - 8*o**2 - o - 11. What is q(-5)?
-81
Let c(y) = 29*y - 12. Calculate c(-7).
-215
Let g(j) = -j**3 - 56*j**2 - 720*j - 233. What is g(-19)?
90
Let u(k) = 8*k**3 - 102*k**2 - 26*k + 7. Give u(13).
7
Let p(b) = -44*b**3 + b**2 + 2*b. Give p(-1).
43
Let k(q) = q**2 + 32*q + 125. What is k(-26)?
-31
Let z(a) = a**2 + 53*a + 179. Calculate z(-52).
127
Let t(n) = -12*n - 376. Determine t(-16).
-184
Let r(z) = 13*z**3 + 310*z**2 - 34*z + 346. Determine r(-24).
10
Let x(d) = 1218*d - 17029. What is x(14)?
23
Let w(q) = -q**3 + 8*q**2 + 30*q + 1. Calculate w(8).
241
Let h(d) = 3*d**3 + 76*d**2 - 50*d - 1865. Calculate h(-25).
10
Let q(g) = 49*g - 181. Give q(0).
-181
Let l(d) = -295*d - 243. Calculate l(-1).
52
Let h(p) = -p**3 - 15*p**2 + 3*p + 57. What is h(-15)?
12
Let d(l) = -l**3 + 17*l**2 + 5*l + 234. Give d(18).
0
Let g(c) = c**2 - 89*c + 1233. Give g(72).
9
Let v(i) = 12*i - 24. Determine v(42).
480
Let v(i) = i**2 + 77*i + 681. Determine v(-11).
-45
Let w(d) = d**3 + 5*d**2 - 31*d + 47. What is w(-8)?
103
Let c(z) = z**3 - 13*z**2 - 35*z + 237. Calculate c(14).
-57
Let d(j) = -28*j + 70. Determine d(0).
70
Let j(a) = -2*a**3 + 46*a**2 + 214*a + 54. What is